et q = v - 203. Let x = q - 18. What is the tens digit of x?
8
Let n(t) = -t**3 + 18*t**2 - 13*t - 13. Let q = 43 - 34. Let b = q + 8. What is the tens digit of n(b)?
5
Suppose -10*q + 4*o + 20752 = -8*q, o = 4*q - 41539. What is the tens digit of q?
8
Let i(z) = 85*z**2 + 55*z - 380. Let y be i(6). Suppose a - 2358 = -3*s + y, 5*a = s - 1816. What is the thousands digit of s?
1
Suppose -112 = -62*c + 64*c. Suppose -9*p = 103 - 940. Let h = p + c. What is the units digit of h?
7
Suppose -143 = -2*c - 139. Suppose 0 = 3*s - c*s - 1, 2*q + 5*s - 205 = 0. What is the units digit of q?
0
Suppose -147286 = 3372*o - 3375*o - 4*r, -r = 8. What is the thousands digit of o?
9
Let m = 15573 + -8781. What is the thousands digit of m?
6
Let v(j) = 1 + 31*j - 8 + 9*j**2 - 15*j - j**3. What is the hundreds digit of v(8)?
1
Let f = -869 - -860. What is the thousands digit of f - (6 - (-6756)/(-4))?
1
Suppose 2*i + 5*y - 1 + 14 = 0, -i - 4 = 2*y. Let a be (-16)/i*((-35)/10 + 2). Suppose -a*f = -4*n - 520, -2*f + 3*n = 2*n - 261. What is the tens digit of f?
3
Suppose -2*i - 3*q + 23 = 0, 5*q - 37 + 12 = 0. Let n = 11 - i. Suppose w + 978 = n*w. What is the units digit of w?
3
Suppose o = -i + 80588, -3*o - 81522 - 79659 = -2*i. What is the tens digit of i?
8
Suppose l = 4*l + y + 33, -2*y - 22 = 2*l. Let t(m) = -m**3 - 11*m**2 - 10*m + 7. Let n be t(l). Suppose 0 = 5*d + 8*d - n. What is the units digit of d?
9
Let w = 20970 + -6613. Suppose 4877 - w = -24*l. What is the hundreds digit of l?
3
Suppose -100 = -3*o - o. Let h be -5*((-65)/o - -2). Suppose -396 = -3*b - h*b. What is the units digit of b?
6
Suppose -2*y - 72 = -2*h - 332, 0 = -3*y - 3*h + 402. Suppose 4*c = 8*c - y. Let w = -8 + c. What is the units digit of w?
5
Let w(r) = 1. Let f(m) = -18*m + 2. Let p(h) = f(h) - 3*w(h). Suppose 0 = -8*y + 1162 - 1178. What is the units digit of p(y)?
5
What is the hundreds digit of 23736/(-230)*915/(-2)?
2
Suppose -2*g = 3*s - 238, -4*g + 4 - 8 = 0. Suppose 3*x = 7*x - s. What is the tens digit of (-270)/(-8) - (-5)/x?
3
Suppose 23*k - 5*k - 23145 = 3*k. What is the tens digit of k?
4
Let j be 541 + (88/(-72) - (-2)/9). What is the units digit of 3/(-21) - (j/(-7))/1?
7
Let x(c) = -c**2 - 28*c + 249. Let j be x(-35). Suppose -j*i + 7265 = -11*v + 16*v, -i - 7290 = -5*v. What is the hundreds digit of v?
4
Let v be (-8)/(-44) + (-928)/22. Let g be 91/v*-6*-1*1. Let i(c) = -c**2 - 20*c - 26. What is the units digit of i(g)?
5
Let j = 16170 - -6058. What is the ten thousands digit of j?
2
Suppose 0 = m - 4*m - u - 9, 4*u + 12 = 0. Let c be (m - 9/(-6))/(7/(-84)). Suppose 0 = h - c*h + 670. What is the tens digit of h?
3
Suppose -t = -4*n - 36271, -t + 7*n + 181342 = 4*t. What is the tens digit of t?
6
Let r(l) = 2*l + 11. Let z be r(-5). Let g(f) = 5*f - 14*f - f + 5 - f**2 + z. What is the tens digit of g(-6)?
3
Let g(y) = -y**2 + 13*y - 3. Let u be g(13). Let i be (2/(u/3))/(1/(-2)). Suppose -12 = -b + i*z, 3*z - 29 = -5*b + 8. What is the units digit of b?
8
Suppose -c + 5*p - 8 = -5, 5*c - 7 = 3*p. Let q = 24 - 9. What is the units digit of (-3)/c*(-1220)/q?
2
Suppose 2*q - 5*q - 3143 = -2*p, -2*p + 4*q + 3142 = 0. What is the tens digit of p?
7
Let o be (-15*8/96)/(2/256). What is the units digit of -10*4/o + (-4182)/(-8)?
3
Let d = -3977 + 9331. Suppose 3*t = v - 1335, 0*v = 4*v + 2*t - d. What is the tens digit of v?
3
Let b be (1 - 3)*(4 + -93). Let i = 120 + b. Suppose 4*u + 3*z - 610 = -0*u, i = 2*u - 2*z. What is the units digit of u?
1
Let v(s) = -10*s + 22. Let i be v(-5). Let h be i/(-45) - 2/5. What is the units digit of h/(-15) - 1958/(-165)?
2
Suppose 39 = -6*s + 57. Suppose -5*o - s*o = -848. What is the units digit of o?
6
Suppose -17*y = -6078 - 8593. Let t = y + -643. What is the hundreds digit of t?
2
What is the units digit of 0 - ((-424137)/30 + -3) - 5/(-50)?
1
Suppose 0 = 19*w + 17*w - 309384. Suppose 5*b + 2194 = w. What is the hundreds digit of b?
2
Suppose -3*m - 212 = -107. Let i = 198 + m. What is the units digit of i?
3
Let n(u) = 5*u + 8*u**2 + 1 - 5*u**2 - 10*u + u**3. Let b be n(-4). Suppose -180 = -b*w - 5*z, 5*w + 4*z - 103 - 74 = 0. What is the tens digit of w?
3
Suppose 3*n + 95 + 477 = 4*u, 0 = 4*u + 3*n - 572. Suppose -m - 339 = -r, -m + u = r - 204. What is the hundreds digit of r?
3
Let p(g) = -g**3 + 8*g**2 - 5*g - 14. Let l be p(7). Suppose 5*b + x - 1731 + 60 = l, 4 = 4*x. What is the tens digit of b?
3
What is the tens digit of ((18 - 39) + 5119)/(4/18)?
4
Let l be 5 + -3 - -8 - -1. What is the hundreds digit of l - 9 - -258*2?
5
Let s(u) = -u**3 + 2*u**2 + u + 3. Let r be s(0). Let l(t) = 4*t**r - 5*t + 0*t - 3*t**3 - 4 - 11*t**2 + 0*t. What is the tens digit of l(12)?
8
Let m be (-11 + 6 + 3)/(-1 - -3). Let z be m*1*2 - (15 + -19). Suppose z*x - 48 - 18 = 0. What is the tens digit of x?
3
Suppose -2*i - 3433 = -4*y + 2827, 4695 = 3*y - 4*i. Let t = -862 + y. What is the units digit of t?
3
Let h(z) = -z**3 + 9*z**2 - 4*z + 15. Let g be h(6). Let k = -94 + g. What is the units digit of k + (-2)/((-8)/140)?
0
Suppose 14 = -12*h - 22. What is the hundreds digit of (-52 - -7)/(h/9)?
1
Let g be (24/(-9) - -4)*174/4. Suppose 60*j - g*j = 638. What is the units digit of j?
9
Let x(j) = -2*j**2 - 16*j + 23. Let b be x(-9). Suppose 0 = b*l - 23*l + 5328. What is the tens digit of l?
9
Let z = -24053 - -36166. What is the tens digit of z?
1
Suppose -z = -2*r + 2 - 0, -r + 3*z - 4 = 0. Suppose 598 = 4*q + 5*h, r*q + 65 - 349 = 5*h. What is the hundreds digit of q?
1
Let o = 31790 - -2564. What is the thousands digit of o?
4
Suppose -5*b + 2*b + 5*q = 625, -2*b + q - 419 = 0. Let r = -439 + 748. Let j = r + b. What is the tens digit of j?
9
What is the units digit of ((-2478)/(-42))/(1/430)?
0
Suppose -5*d + 4 + 11 = -2*x, -4*x + 35 = 3*d. Suppose 29*v = x*v + 13896. What is the hundreds digit of v?
5
Suppose -5*l - 2032 = 3*v - 15572, -4*l = 2*v - 10830. What is the units digit of l?
5
Suppose -20*g + 12728 + 6352 = 0. What is the hundreds digit of g?
9
Let q be (-22)/6 + ((-40)/12 - -3). Let j(o) = -4*o. Let a be j(q). Let t = a - -11. What is the units digit of t?
7
Suppose 0 = -3*r + 9, 225*s + r = 230*s - 150382. What is the units digit of s?
7
Let h be 2 + 1 + -8 + 5879. Suppose 5*r + 6*r - h = 0. What is the tens digit of r?
3
What is the ten thousands digit of 17 + 6468*7 - -16?
4
Let k be (9/5)/(3/15). Suppose 3*g - k*g = -4248. Suppose 2*u = 3*s + 348, -3*s + 0*s - g = -4*u. What is the units digit of u?
0
Let w(p) = -p**3 + 10*p**2 - 9*p - 16. Let f be w(8). Let m = f - 36. Suppose 105 + 175 = m*x. What is the units digit of x?
0
What is the hundreds digit of 264*208/32*32?
9
What is the hundreds digit of 4/(-14) + 224944/952?
2
Let c(b) = -3*b - 114. Let w(j) be the third derivative of j**4/24 + 19*j**3/3 + 12*j**2. Let i(z) = -4*c(z) - 11*w(z). What is the tens digit of i(11)?
4
What is the hundreds digit of 2 + -4 + 88/132 + (-2128)/(-3)?
7
Suppose 2*y = 3*y - 290. Let w = y + -203. What is the tens digit of w?
8
Suppose 3 = -4*v + 11, -3*w - 3*v + 4371 = 0. Suppose 2*c - 5*n - 2874 = 0, n + w = c + 3*n. What is the thousands digit of c?
1
Let q(z) = 4*z**2 + 4*z + 3. Suppose 2*s = 12*s - 20. Let k be s*3/(6/(-7)). What is the units digit of q(k)?
1
What is the hundreds digit of ((-10)/(-225))/((-6)/30) - 22146/(-27)?
8
What is the tens digit of (59/(-2))/(6 - (-5 + (-21570)/(-1960)))?
8
Suppose -426*p = -421*p - 56705. What is the hundreds digit of p?
3
Suppose 3*b + 4*d = -b + 5488, -2*b - 3*d = -2748. Suppose -2*v = 3*n - b - 190, -5*v - 1026 = -2*n. What is the hundreds digit of n?
5
Suppose 15*w - 43717 = 2423. What is the units digit of w?
6
Suppose -5*a = 10*a - 105. Suppose -a*x = x - 4616. What is the hundreds digit of x?
5
Suppose 127779*w - 80232 = 127773*w. What is the thousands digit of w?
3
Let k(t) = 5*t - 3. Let p be k(7). Let s = -32 + p. Suppose s = -16*b + 12*b + 28. What is the units digit of b?
7
Let h(n) = 26 + 0*n + n**3 + 10 + 12*n**2 + n - 10. Let o be h(-12). Suppose 67 - o = d. What is the tens digit of d?
5
Let x be 216 - 0*(-6)/12. Let y = x + 212. What is the hundreds digit of y?
4
Let d(o) = o**2 + 1. Let l(z) = -5*z**2 + 2*z - 98. Let h(a) = -3*d(a) - l(a). What is the hundred